{"id":838,"date":"2024-09-18T09:43:26","date_gmt":"2024-09-18T09:43:26","guid":{"rendered":"https:\/\/citriumworld.com\/?post_type=product&#038;p=838"},"modified":"2025-01-17T08:21:42","modified_gmt":"2025-01-17T08:21:42","slug":"coco-loco-22o","status":"publish","type":"product","link":"https:\/\/citriumworld.es\/index.php\/producto\/coco-loco-22o\/","title":{"rendered":"C\u00f3ctel Coco Loco 22\u00ba\/28\u00ba"},"content":{"rendered":"<p>El Coco Loco es la definici\u00f3n de una escapada tropical en un vaso. Con una mezcla de ron, crema de coco y jugos tropicales, esta bebida ofrece una experiencia refrescante, cremosa y deliciosa. Perfecta para disfrutar en la playa o en cualquier lugar donde quieras sentirte en el Caribe.<\/p>\n<p>El formato Bag in Box garantiza un servicio eficiente, manteniendo siempre el producto fresco y listo para servir en grandes cantidades.<\/p>\n","protected":false},"excerpt":{"rendered":"<p>C\u00f3ctel Coco Loco, concentrado con una diluci\u00f3n de 1 dosis de producto con 5 de agua, en formato Bag in Box.<\/p>\n<p>&nbsp;<\/p>\n<p>&nbsp;<\/p>\n","protected":false},"featured_media":967,"template":"","meta":[],"product_brand":[],"product_cat":[31],"product_tag":[],"class_list":{"0":"post-838","1":"product","2":"type-product","3":"status-publish","4":"has-post-thumbnail","6":"product_cat-cockteles","8":"first","9":"instock","10":"shipping-taxable","11":"purchasable","12":"product-type-simple"},"yoast_head":"<!-- This site is optimized with the Yoast SEO plugin v26.7 - https:\/\/yoast.com\/wordpress\/plugins\/seo\/ -->\n<title>C\u00f3ctel Coco Loco 22\u00ba\/28\u00ba - Citrium World<\/title>\n<meta name=\"robots\" content=\"index, follow, max-snippet:-1, max-image-preview:large, max-video-preview:-1\" \/>\n<link rel=\"canonical\" href=\"https:\/\/citriumworld.es\/index.php\/producto\/coco-loco-22o\/\" \/>\n<meta property=\"og:locale\" content=\"es_ES\" \/>\n<meta property=\"og:type\" content=\"article\" \/>\n<meta property=\"og:title\" content=\"C\u00f3ctel Coco Loco 22\u00ba\/28\u00ba - Citrium World\" \/>\n<meta property=\"og:description\" content=\"C\u00f3ctel Coco Loco, concentrado con una diluci\u00f3n de 1 dosis de producto con 5 de agua, en formato Bag in Box.  &nbsp;  &nbsp;\" \/>\n<meta property=\"og:url\" content=\"https:\/\/citriumworld.es\/index.php\/producto\/coco-loco-22o\/\" \/>\n<meta property=\"og:site_name\" content=\"Citrium World\" \/>\n<meta property=\"article:modified_time\" content=\"2025-01-17T08:21:42+00:00\" \/>\n<meta property=\"og:image\" content=\"https:\/\/citriumworld.es\/wp-content\/uploads\/2024\/09\/6152f639943de331122852-1.jpg\" \/>\n\t<meta property=\"og:image:width\" content=\"590\" \/>\n\t<meta property=\"og:image:height\" content=\"1000\" \/>\n\t<meta property=\"og:image:type\" content=\"image\/jpeg\" \/>\n<meta name=\"twitter:card\" content=\"summary_large_image\" \/>\n<meta name=\"twitter:label1\" content=\"Tiempo de lectura\" \/>\n\t<meta name=\"twitter:data1\" content=\"1 minuto\" \/>\n<script type=\"application\/ld+json\" class=\"yoast-schema-graph\">{\"@context\":\"https:\/\/schema.org\",\"@graph\":[{\"@type\":\"WebPage\",\"@id\":\"https:\/\/citriumworld.es\/index.php\/producto\/coco-loco-22o\/\",\"url\":\"https:\/\/citriumworld.es\/index.php\/producto\/coco-loco-22o\/\",\"name\":\"C\u00f3ctel Coco Loco 22\u00ba\/28\u00ba - Citrium World\",\"isPartOf\":{\"@id\":\"https:\/\/citriumworld.es\/#website\"},\"primaryImageOfPage\":{\"@id\":\"https:\/\/citriumworld.es\/index.php\/producto\/coco-loco-22o\/#primaryimage\"},\"image\":{\"@id\":\"https:\/\/citriumworld.es\/index.php\/producto\/coco-loco-22o\/#primaryimage\"},\"thumbnailUrl\":\"https:\/\/citriumworld.es\/wp-content\/uploads\/2024\/09\/6152f639943de331122852-1.jpg\",\"datePublished\":\"2024-09-18T09:43:26+00:00\",\"dateModified\":\"2025-01-17T08:21:42+00:00\",\"breadcrumb\":{\"@id\":\"https:\/\/citriumworld.es\/index.php\/producto\/coco-loco-22o\/#breadcrumb\"},\"inLanguage\":\"es\",\"potentialAction\":[{\"@type\":\"ReadAction\",\"target\":[\"https:\/\/citriumworld.es\/index.php\/producto\/coco-loco-22o\/\"]}]},{\"@type\":\"ImageObject\",\"inLanguage\":\"es\",\"@id\":\"https:\/\/citriumworld.es\/index.php\/producto\/coco-loco-22o\/#primaryimage\",\"url\":\"https:\/\/citriumworld.es\/wp-content\/uploads\/2024\/09\/6152f639943de331122852-1.jpg\",\"contentUrl\":\"https:\/\/citriumworld.es\/wp-content\/uploads\/2024\/09\/6152f639943de331122852-1.jpg\",\"width\":590,\"height\":1000,\"caption\":\"Alcoholic cocktail in hurricane glass decorated with pineapple slice. Fresh, clean look.\"},{\"@type\":\"BreadcrumbList\",\"@id\":\"https:\/\/citriumworld.es\/index.php\/producto\/coco-loco-22o\/#breadcrumb\",\"itemListElement\":[{\"@type\":\"ListItem\",\"position\":1,\"name\":\"Portada\",\"item\":\"https:\/\/citriumworld.es\/\"},{\"@type\":\"ListItem\",\"position\":2,\"name\":\"Tienda\",\"item\":\"https:\/\/citriumworld.es\/index.php\/tienda\/\"},{\"@type\":\"ListItem\",\"position\":3,\"name\":\"C\u00f3ctel Coco Loco 22\u00ba\/28\u00ba\"}]},{\"@type\":\"WebSite\",\"@id\":\"https:\/\/citriumworld.es\/#website\",\"url\":\"https:\/\/citriumworld.es\/\",\"name\":\"Citrium World\",\"description\":\"Compa\u00f1\u00eda especializada en fabricaci\u00f3n y distribuci\u00f3n de bebidas\",\"publisher\":{\"@id\":\"https:\/\/citriumworld.es\/#organization\"},\"alternateName\":\"Citrium World\",\"potentialAction\":[{\"@type\":\"SearchAction\",\"target\":{\"@type\":\"EntryPoint\",\"urlTemplate\":\"https:\/\/citriumworld.es\/?s={search_term_string}\"},\"query-input\":{\"@type\":\"PropertyValueSpecification\",\"valueRequired\":true,\"valueName\":\"search_term_string\"}}],\"inLanguage\":\"es\"},{\"@type\":\"Organization\",\"@id\":\"https:\/\/citriumworld.es\/#organization\",\"name\":\"Citrium World\",\"url\":\"https:\/\/citriumworld.es\/\",\"logo\":{\"@type\":\"ImageObject\",\"inLanguage\":\"es\",\"@id\":\"https:\/\/citriumworld.es\/#\/schema\/logo\/image\/\",\"url\":\"https:\/\/citriumworld.es\/wp-content\/uploads\/2024\/06\/LOGOCITRIUMWORLD.png\",\"contentUrl\":\"https:\/\/citriumworld.es\/wp-content\/uploads\/2024\/06\/LOGOCITRIUMWORLD.png\",\"width\":698,\"height\":357,\"caption\":\"Citrium World\"},\"image\":{\"@id\":\"https:\/\/citriumworld.es\/#\/schema\/logo\/image\/\"}}]}<\/script>\n<!-- \/ Yoast SEO plugin. -->","yoast_head_json":{"title":"C\u00f3ctel Coco Loco 22\u00ba\/28\u00ba - Citrium World","robots":{"index":"index","follow":"follow","max-snippet":"max-snippet:-1","max-image-preview":"max-image-preview:large","max-video-preview":"max-video-preview:-1"},"canonical":"https:\/\/citriumworld.es\/index.php\/producto\/coco-loco-22o\/","og_locale":"es_ES","og_type":"article","og_title":"C\u00f3ctel Coco Loco 22\u00ba\/28\u00ba - Citrium World","og_description":"C\u00f3ctel Coco Loco, concentrado con una diluci\u00f3n de 1 dosis de producto con 5 de agua, en formato Bag in Box.  &nbsp;  &nbsp;","og_url":"https:\/\/citriumworld.es\/index.php\/producto\/coco-loco-22o\/","og_site_name":"Citrium World","article_modified_time":"2025-01-17T08:21:42+00:00","og_image":[{"width":590,"height":1000,"url":"https:\/\/citriumworld.es\/wp-content\/uploads\/2024\/09\/6152f639943de331122852-1.jpg","type":"image\/jpeg"}],"twitter_card":"summary_large_image","twitter_misc":{"Tiempo de lectura":"1 minuto"},"schema":{"@context":"https:\/\/schema.org","@graph":[{"@type":"WebPage","@id":"https:\/\/citriumworld.es\/index.php\/producto\/coco-loco-22o\/","url":"https:\/\/citriumworld.es\/index.php\/producto\/coco-loco-22o\/","name":"C\u00f3ctel Coco Loco 22\u00ba\/28\u00ba - Citrium World","isPartOf":{"@id":"https:\/\/citriumworld.es\/#website"},"primaryImageOfPage":{"@id":"https:\/\/citriumworld.es\/index.php\/producto\/coco-loco-22o\/#primaryimage"},"image":{"@id":"https:\/\/citriumworld.es\/index.php\/producto\/coco-loco-22o\/#primaryimage"},"thumbnailUrl":"https:\/\/citriumworld.es\/wp-content\/uploads\/2024\/09\/6152f639943de331122852-1.jpg","datePublished":"2024-09-18T09:43:26+00:00","dateModified":"2025-01-17T08:21:42+00:00","breadcrumb":{"@id":"https:\/\/citriumworld.es\/index.php\/producto\/coco-loco-22o\/#breadcrumb"},"inLanguage":"es","potentialAction":[{"@type":"ReadAction","target":["https:\/\/citriumworld.es\/index.php\/producto\/coco-loco-22o\/"]}]},{"@type":"ImageObject","inLanguage":"es","@id":"https:\/\/citriumworld.es\/index.php\/producto\/coco-loco-22o\/#primaryimage","url":"https:\/\/citriumworld.es\/wp-content\/uploads\/2024\/09\/6152f639943de331122852-1.jpg","contentUrl":"https:\/\/citriumworld.es\/wp-content\/uploads\/2024\/09\/6152f639943de331122852-1.jpg","width":590,"height":1000,"caption":"Alcoholic cocktail in hurricane glass decorated with pineapple slice. Fresh, clean look."},{"@type":"BreadcrumbList","@id":"https:\/\/citriumworld.es\/index.php\/producto\/coco-loco-22o\/#breadcrumb","itemListElement":[{"@type":"ListItem","position":1,"name":"Portada","item":"https:\/\/citriumworld.es\/"},{"@type":"ListItem","position":2,"name":"Tienda","item":"https:\/\/citriumworld.es\/index.php\/tienda\/"},{"@type":"ListItem","position":3,"name":"C\u00f3ctel Coco Loco 22\u00ba\/28\u00ba"}]},{"@type":"WebSite","@id":"https:\/\/citriumworld.es\/#website","url":"https:\/\/citriumworld.es\/","name":"Citrium World","description":"Compa\u00f1\u00eda especializada en fabricaci\u00f3n y distribuci\u00f3n de bebidas","publisher":{"@id":"https:\/\/citriumworld.es\/#organization"},"alternateName":"Citrium World","potentialAction":[{"@type":"SearchAction","target":{"@type":"EntryPoint","urlTemplate":"https:\/\/citriumworld.es\/?s={search_term_string}"},"query-input":{"@type":"PropertyValueSpecification","valueRequired":true,"valueName":"search_term_string"}}],"inLanguage":"es"},{"@type":"Organization","@id":"https:\/\/citriumworld.es\/#organization","name":"Citrium World","url":"https:\/\/citriumworld.es\/","logo":{"@type":"ImageObject","inLanguage":"es","@id":"https:\/\/citriumworld.es\/#\/schema\/logo\/image\/","url":"https:\/\/citriumworld.es\/wp-content\/uploads\/2024\/06\/LOGOCITRIUMWORLD.png","contentUrl":"https:\/\/citriumworld.es\/wp-content\/uploads\/2024\/06\/LOGOCITRIUMWORLD.png","width":698,"height":357,"caption":"Citrium World"},"image":{"@id":"https:\/\/citriumworld.es\/#\/schema\/logo\/image\/"}}]}},"_links":{"self":[{"href":"https:\/\/citriumworld.es\/index.php\/wp-json\/wp\/v2\/product\/838","targetHints":{"allow":["GET"]}}],"collection":[{"href":"https:\/\/citriumworld.es\/index.php\/wp-json\/wp\/v2\/product"}],"about":[{"href":"https:\/\/citriumworld.es\/index.php\/wp-json\/wp\/v2\/types\/product"}],"wp:featuredmedia":[{"embeddable":true,"href":"https:\/\/citriumworld.es\/index.php\/wp-json\/wp\/v2\/media\/967"}],"wp:attachment":[{"href":"https:\/\/citriumworld.es\/index.php\/wp-json\/wp\/v2\/media?parent=838"}],"wp:term":[{"taxonomy":"product_brand","embeddable":true,"href":"https:\/\/citriumworld.es\/index.php\/wp-json\/wp\/v2\/product_brand?post=838"},{"taxonomy":"product_cat","embeddable":true,"href":"https:\/\/citriumworld.es\/index.php\/wp-json\/wp\/v2\/product_cat?post=838"},{"taxonomy":"product_tag","embeddable":true,"href":"https:\/\/citriumworld.es\/index.php\/wp-json\/wp\/v2\/product_tag?post=838"}],"curies":[{"name":"wp","href":"https:\/\/api.w.org\/{rel}","templated":true}]}}